{"id":1523,"date":"2020-08-08T14:57:10","date_gmt":"2020-08-08T14:57:10","guid":{"rendered":"http:\/\/mairie44670.epizy.com\/?page_id=1523"},"modified":"2021-04-26T15:39:26","modified_gmt":"2021-04-26T13:39:26","slug":"au-dela-leau","status":"publish","type":"page","link":"https:\/\/stjuliendevouvantes.fr\/index.php\/au-dela-leau\/","title":{"rendered":"AU DELA L&rsquo;EAU"},"content":{"rendered":"\n<h2 class=\"has-text-align-center wp-block-heading\"><span class=\"has-inline-color has-vivid-cyan-blue-color\">Effacement des R\u00e9seaux<\/span><\/h2>\n\n\n\n<div class=\"wp-block-image\"><figure class=\"aligncenter size-large\"><img fetchpriority=\"high\" decoding=\"async\" width=\"375\" height=\"200\" src=\"https:\/\/stjuliendevouvantes.fr\/wp-content\/uploads\/2021\/03\/Infos-travaux.jpg\" alt=\"\" class=\"wp-image-3768\" srcset=\"https:\/\/stjuliendevouvantes.fr\/wp-content\/uploads\/2021\/03\/Infos-travaux.jpg 375w, https:\/\/stjuliendevouvantes.fr\/wp-content\/uploads\/2021\/03\/Infos-travaux-300x160.jpg 300w\" sizes=\"(max-width: 375px) 100vw, 375px\" \/><\/figure><\/div>\n\n\n<p>Des <strong>travaux d\u2019effacement des r\u00e9seaux<\/strong> vont \u00eatre r\u00e9alis\u00e9s <strong>dans le secteur \u00ab\u00a0Au Dela l&rsquo;Eau\u00a0\u00bb<\/strong>, visant \u00e0 gommer du paysage les c\u00e2bles \u00e9lectriques et t\u00e9l\u00e9phoniques en les enterrant dans le sol, auxquels se sont ajout\u00e9s des travaux d\u2019\u00e9clairage public. Ces travaux ont d\u00e9but\u00e9s le Lundi 12 Avril 2021.<\/p>\n<p>Le but de la man\u0153uvre est d\u2019instaurer un meilleur cadre de vie pour les habitants en faisant dispara\u00eetre des \u00e9l\u00e9ments les moins gracieux du paysage. De plus cela permet \u00e9galement aux communes de s\u00e9curiser ce genre d\u2019installations en cas d\u2019intemp\u00e9ries.<\/p>\n<p>Suite \u00e0 la suppression de ces poteaux, lesquels supportaient l\u2019\u00e9lectricit\u00e9 et la t\u00e9l\u00e9phonie, l\u2019\u00e9clairage public va \u00eatre \u00e9galement am\u00e9nag\u00e9 car pr\u00e9sent sur ces m\u00eames poteaux.<\/p>\n<p>Le fait que les r\u00e9seaux qui seront d\u00e9sormais souterrains emp\u00eachera \u00e0 l\u2019avenir des probl\u00e8mes li\u00e9s qui paralysent tout le r\u00e9seau. La r\u00e9ception g\u00e9n\u00e9rale sera \u00e9galement am\u00e9lior\u00e9e.<\/p>\n\n\n<div class=\"wp-block-image\"><figure class=\"aligncenter size-large\"><img decoding=\"async\" width=\"893\" height=\"543\" src=\"https:\/\/stjuliendevouvantes.fr\/wp-content\/uploads\/2021\/03\/Au-Dela-lEau.jpg\" alt=\"\" class=\"wp-image-3755\" srcset=\"https:\/\/stjuliendevouvantes.fr\/wp-content\/uploads\/2021\/03\/Au-Dela-lEau.jpg 893w, https:\/\/stjuliendevouvantes.fr\/wp-content\/uploads\/2021\/03\/Au-Dela-lEau-300x182.jpg 300w, https:\/\/stjuliendevouvantes.fr\/wp-content\/uploads\/2021\/03\/Au-Dela-lEau-768x467.jpg 768w, https:\/\/stjuliendevouvantes.fr\/wp-content\/uploads\/2021\/03\/Au-Dela-lEau-465x283.jpg 465w, https:\/\/stjuliendevouvantes.fr\/wp-content\/uploads\/2021\/03\/Au-Dela-lEau-695x423.jpg 695w\" sizes=\"(max-width: 893px) 100vw, 893px\" \/><\/figure><\/div>\n\n\n\n<h4 class=\"has-text-align-center wp-block-heading\"><span class=\"has-inline-color has-vivid-red-color\">AVANCEMENT DES TRAVAUX<\/span><\/h4>\n\n\n\n<div class=\"wp-block-columns alignfull is-layout-flex wp-container-core-columns-is-layout-1 wp-block-columns-is-layout-flex\">\n<div class=\"wp-block-column is-vertically-aligned-top is-layout-flow wp-block-column-is-layout-flow\">\n<div class=\"wp-block-image\"><figure class=\"aligncenter size-large is-resized\"><img decoding=\"async\" src=\"https:\/\/stjuliendevouvantes.fr\/wp-content\/uploads\/2021\/04\/20210421_111443-1024x768.jpg\" alt=\"\" class=\"wp-image-3834\" width=\"498\" height=\"375\" srcset=\"https:\/\/stjuliendevouvantes.fr\/wp-content\/uploads\/2021\/04\/20210421_111443-1024x768.jpg 1024w, https:\/\/stjuliendevouvantes.fr\/wp-content\/uploads\/2021\/04\/20210421_111443-300x225.jpg 300w, https:\/\/stjuliendevouvantes.fr\/wp-content\/uploads\/2021\/04\/20210421_111443-768x576.jpg 768w, https:\/\/stjuliendevouvantes.fr\/wp-content\/uploads\/2021\/04\/20210421_111443-1536x1152.jpg 1536w, https:\/\/stjuliendevouvantes.fr\/wp-content\/uploads\/2021\/04\/20210421_111443-2048x1536.jpg 2048w, https:\/\/stjuliendevouvantes.fr\/wp-content\/uploads\/2021\/04\/20210421_111443-465x349.jpg 465w\" sizes=\"(max-width: 498px) 100vw, 498px\" \/><\/figure><\/div>\n<\/div>\n\n\n\n<div class=\"wp-block-column is-vertically-aligned-top is-layout-flow wp-block-column-is-layout-flow\">\n<div class=\"wp-block-image\"><figure class=\"aligncenter size-large is-resized\"><img loading=\"lazy\" decoding=\"async\" src=\"https:\/\/stjuliendevouvantes.fr\/wp-content\/uploads\/2021\/04\/20210421_114126-1024x768.jpg\" alt=\"\" class=\"wp-image-3835\" width=\"486\" height=\"364\" srcset=\"https:\/\/stjuliendevouvantes.fr\/wp-content\/uploads\/2021\/04\/20210421_114126-1024x768.jpg 1024w, https:\/\/stjuliendevouvantes.fr\/wp-content\/uploads\/2021\/04\/20210421_114126-300x225.jpg 300w, https:\/\/stjuliendevouvantes.fr\/wp-content\/uploads\/2021\/04\/20210421_114126-768x576.jpg 768w, https:\/\/stjuliendevouvantes.fr\/wp-content\/uploads\/2021\/04\/20210421_114126-1536x1152.jpg 1536w, https:\/\/stjuliendevouvantes.fr\/wp-content\/uploads\/2021\/04\/20210421_114126-2048x1536.jpg 2048w, https:\/\/stjuliendevouvantes.fr\/wp-content\/uploads\/2021\/04\/20210421_114126-465x349.jpg 465w, https:\/\/stjuliendevouvantes.fr\/wp-content\/uploads\/2021\/04\/20210421_114126-667x500.jpg 667w\" sizes=\"(max-width: 486px) 100vw, 486px\" \/><\/figure><\/div>\n<\/div>\n<\/div>\n","protected":false},"excerpt":{"rendered":"<p>Effacement des R\u00e9seaux Des travaux d\u2019effacement des r\u00e9seaux vont \u00eatre r\u00e9alis\u00e9s dans le secteur \u00ab\u00a0Au Dela l&rsquo;Eau\u00a0\u00bb, visant \u00e0 gommer du paysage les c\u00e2bles \u00e9lectriques et t\u00e9l\u00e9phoniques en les enterrant dans le sol, auxquels se sont ajout\u00e9s des travaux d\u2019\u00e9clairage public. Ces travaux ont d\u00e9but\u00e9s le Lundi 12 Avril 2021.<span class=\"more-link\"><a href=\"https:\/\/stjuliendevouvantes.fr\/index.php\/au-dela-leau\/\">lire la suite &#8230;<\/a><\/span><\/p>\n","protected":false},"author":1,"featured_media":0,"parent":0,"menu_order":0,"comment_status":"closed","ping_status":"closed","template":"","meta":{"om_disable_all_campaigns":false,"_monsterinsights_skip_tracking":false,"_monsterinsights_sitenote_active":false,"_monsterinsights_sitenote_note":"","_monsterinsights_sitenote_category":0,"footnotes":""},"class_list":["entry","author-admin5401","post-1523","page","type-page","status-publish"],"aioseo_notices":[],"publishpress_future_action":{"enabled":false,"date":"2026-05-06 21:04:58","action":"change-status","newStatus":"draft","terms":[],"taxonomy":"","extraData":[]},"publishpress_future_workflow_manual_trigger":{"enabledWorkflows":[]},"_links":{"self":[{"href":"https:\/\/stjuliendevouvantes.fr\/index.php\/wp-json\/wp\/v2\/pages\/1523","targetHints":{"allow":["GET"]}}],"collection":[{"href":"https:\/\/stjuliendevouvantes.fr\/index.php\/wp-json\/wp\/v2\/pages"}],"about":[{"href":"https:\/\/stjuliendevouvantes.fr\/index.php\/wp-json\/wp\/v2\/types\/page"}],"author":[{"embeddable":true,"href":"https:\/\/stjuliendevouvantes.fr\/index.php\/wp-json\/wp\/v2\/users\/1"}],"replies":[{"embeddable":true,"href":"https:\/\/stjuliendevouvantes.fr\/index.php\/wp-json\/wp\/v2\/comments?post=1523"}],"version-history":[{"count":7,"href":"https:\/\/stjuliendevouvantes.fr\/index.php\/wp-json\/wp\/v2\/pages\/1523\/revisions"}],"predecessor-version":[{"id":3851,"href":"https:\/\/stjuliendevouvantes.fr\/index.php\/wp-json\/wp\/v2\/pages\/1523\/revisions\/3851"}],"wp:attachment":[{"href":"https:\/\/stjuliendevouvantes.fr\/index.php\/wp-json\/wp\/v2\/media?parent=1523"}],"curies":[{"name":"wp","href":"https:\/\/api.w.org\/{rel}","templated":true}]}}

<h2 class="has-text-align-center wp-block-heading"><span class="has-inline-color has-vivid-cyan-blue-color">Effacement des Réseaux</span></h2>



<div class="wp-block-image"><figure class="aligncenter size-large"><img fetchpriority="high" decoding="async" width="375" height="200" src="https://stjuliendevouvantes.fr/wp-content/uploads/2021/03/Infos-travaux.jpg" alt="" class="wp-image-3768" srcset="https://stjuliendevouvantes.fr/wp-content/uploads/2021/03/Infos-travaux.jpg 375w, https://stjuliendevouvantes.fr/wp-content/uploads/2021/03/Infos-travaux-300x160.jpg 300w" sizes="(max-width: 375px) 100vw, 375px" /></figure></div>


<p>Des <strong>travaux d’effacement des réseaux</strong> vont être réalisés <strong>dans le secteur « Au Dela l&rsquo;Eau »</strong>, visant à gommer du paysage les câbles électriques et téléphoniques en les enterrant dans le sol, auxquels se sont ajoutés des travaux d’éclairage public. Ces travaux ont débutés le Lundi 12 Avril 2021.</p>
<p>Le but de la manœuvre est d’instaurer un meilleur cadre de vie pour les habitants en faisant disparaître des éléments les moins gracieux du paysage. De plus cela permet également aux communes de sécuriser ce genre d’installations en cas d’intempéries.</p>
<p>Suite à la suppression de ces poteaux, lesquels supportaient l’électricité et la téléphonie, l’éclairage public va être également aménagé car présent sur ces mêmes poteaux.</p>
<p>Le fait que les réseaux qui seront désormais souterrains empêchera à l’avenir des problèmes liés qui paralysent tout le réseau. La réception générale sera également améliorée.</p>


<div class="wp-block-image"><figure class="aligncenter size-large"><img decoding="async" width="893" height="543" src="https://stjuliendevouvantes.fr/wp-content/uploads/2021/03/Au-Dela-lEau.jpg" alt="" class="wp-image-3755" srcset="https://stjuliendevouvantes.fr/wp-content/uploads/2021/03/Au-Dela-lEau.jpg 893w, https://stjuliendevouvantes.fr/wp-content/uploads/2021/03/Au-Dela-lEau-300x182.jpg 300w, https://stjuliendevouvantes.fr/wp-content/uploads/2021/03/Au-Dela-lEau-768x467.jpg 768w, https://stjuliendevouvantes.fr/wp-content/uploads/2021/03/Au-Dela-lEau-465x283.jpg 465w, https://stjuliendevouvantes.fr/wp-content/uploads/2021/03/Au-Dela-lEau-695x423.jpg 695w" sizes="(max-width: 893px) 100vw, 893px" /></figure></div>



<h4 class="has-text-align-center wp-block-heading"><span class="has-inline-color has-vivid-red-color">AVANCEMENT DES TRAVAUX</span></h4>



<div class="wp-block-columns alignfull is-layout-flex wp-container-core-columns-is-layout-1 wp-block-columns-is-layout-flex">
<div class="wp-block-column is-vertically-aligned-top is-layout-flow wp-block-column-is-layout-flow">
<div class="wp-block-image"><figure class="aligncenter size-large is-resized"><img decoding="async" src="https://stjuliendevouvantes.fr/wp-content/uploads/2021/04/20210421_111443-1024x768.jpg" alt="" class="wp-image-3834" width="498" height="375" srcset="https://stjuliendevouvantes.fr/wp-content/uploads/2021/04/20210421_111443-1024x768.jpg 1024w, https://stjuliendevouvantes.fr/wp-content/uploads/2021/04/20210421_111443-300x225.jpg 300w, https://stjuliendevouvantes.fr/wp-content/uploads/2021/04/20210421_111443-768x576.jpg 768w, https://stjuliendevouvantes.fr/wp-content/uploads/2021/04/20210421_111443-1536x1152.jpg 1536w, https://stjuliendevouvantes.fr/wp-content/uploads/2021/04/20210421_111443-2048x1536.jpg 2048w, https://stjuliendevouvantes.fr/wp-content/uploads/2021/04/20210421_111443-465x349.jpg 465w" sizes="(max-width: 498px) 100vw, 498px" /></figure></div>
</div>



<div class="wp-block-column is-vertically-aligned-top is-layout-flow wp-block-column-is-layout-flow">
<div class="wp-block-image"><figure class="aligncenter size-large is-resized"><img loading="lazy" decoding="async" src="https://stjuliendevouvantes.fr/wp-content/uploads/2021/04/20210421_114126-1024x768.jpg" alt="" class="wp-image-3835" width="486" height="364" srcset="https://stjuliendevouvantes.fr/wp-content/uploads/2021/04/20210421_114126-1024x768.jpg 1024w, https://stjuliendevouvantes.fr/wp-content/uploads/2021/04/20210421_114126-300x225.jpg 300w, https://stjuliendevouvantes.fr/wp-content/uploads/2021/04/20210421_114126-768x576.jpg 768w, https://stjuliendevouvantes.fr/wp-content/uploads/2021/04/20210421_114126-1536x1152.jpg 1536w, https://stjuliendevouvantes.fr/wp-content/uploads/2021/04/20210421_114126-2048x1536.jpg 2048w, https://stjuliendevouvantes.fr/wp-content/uploads/2021/04/20210421_114126-465x349.jpg 465w, https://stjuliendevouvantes.fr/wp-content/uploads/2021/04/20210421_114126-667x500.jpg 667w" sizes="(max-width: 486px) 100vw, 486px" /></figure></div>
</div>
</div>

<p>Effacement des Réseaux Des travaux d’effacement des réseaux vont être réalisés dans le secteur « Au Dela l&rsquo;Eau », visant à gommer du paysage les câbles électriques et téléphoniques en les enterrant dans le sol, auxquels se sont ajoutés des travaux d’éclairage public. Ces travaux ont débutés le Lundi 12 Avril 2021.<span class="more-link"><a href="https://stjuliendevouvantes.fr/index.php/au-dela-leau/">lire la suite &#8230;</a></span></p>
