{"id":1957,"date":"2020-10-16T14:03:27","date_gmt":"2020-10-16T14:03:27","guid":{"rendered":"http:\/\/mairie44670.epizy.com\/?page_id=1957"},"modified":"2021-02-21T14:22:02","modified_gmt":"2021-02-21T13:22:02","slug":"docteur-buzica-adrian-teodor","status":"publish","type":"page","link":"https:\/\/stjuliendevouvantes.fr\/index.php\/docteur-buzica-adrian-teodor\/","title":{"rendered":"DOCTEUR BUZICA ADRIAN TEODOR"},"content":{"rendered":"<div class=\"champ contenu_activite\"><strong><label>Activit\u00e9 : <\/label><\/strong><span class=\"activite\" dir=\"ltr\">M\u00e9decin<\/span><\/div>\n<div class=\"champ contenu_nom\"><label><strong>Nom :<\/strong>&nbsp;<\/label><span class=\"nom\" dir=\"ltr\">Docteur BUZICA Adrian T\u00e9odor<\/span><\/div>\n<div class=\"champ contenu_contact\"><label><strong>Contact :<\/strong>&nbsp;<\/label><span class=\"contact\" dir=\"ltr\">Adrian T\u00e9odor BUZICA<\/span><\/div>\n<div class=\"champ contenu_adresse1\"><label><strong>Adresse principale :<\/strong>&nbsp;<\/label><span class=\"adresse1\" dir=\"ltr\">37 rue de la Lib\u00e9ration<\/span><\/div>\n<div class=\"champ contenu_cp\"><label><strong>Code postal :<\/strong>&nbsp;<\/label><span class=\"cp\" dir=\"ltr\">44670<\/span><\/div>\n<div class=\"champ contenu_ville\"><label><strong>Ville :<\/strong>&nbsp;<\/label><span class=\"ville\" dir=\"ltr\">SAINT JULIEN DE VOUVANTES<\/span><\/div>\n<div class=\"champ contenu_fixe\"><label><strong>Fixe :<\/strong>&nbsp;<\/label><span class=\"fixe\" dir=\"ltr\">0240555135<\/span><\/div>\n<div class=\"champ contenu_fax\"><strong><label>Fax :&nbsp;<\/label><\/strong><span class=\"fax\" dir=\"ltr\">0240554752<\/span><\/div>\n","protected":false},"excerpt":{"rendered":"<p>Activit\u00e9 : M\u00e9decin Nom :&nbsp;Docteur BUZICA Adrian T\u00e9odor Contact :&nbsp;Adrian T\u00e9odor BUZICA Adresse principale :&nbsp;37 rue de la Lib\u00e9ration Code postal :&nbsp;44670 Ville :&nbsp;SAINT JULIEN DE VOUVANTES Fixe :&nbsp;0240555135 Fax :&nbsp;0240554752<span class=\"more-link\"><a href=\"https:\/\/stjuliendevouvantes.fr\/index.php\/docteur-buzica-adrian-teodor\/\">lire la suite &#8230;<\/a><\/span><\/p>\n","protected":false},"author":1,"featured_media":0,"parent":0,"menu_order":0,"comment_status":"closed","ping_status":"closed","template":"","meta":{"om_disable_all_campaigns":false,"_monsterinsights_skip_tracking":false,"_monsterinsights_sitenote_active":false,"_monsterinsights_sitenote_note":"","_monsterinsights_sitenote_category":0,"footnotes":""},"class_list":["entry","author-admin5401","post-1957","page","type-page","status-publish"],"aioseo_notices":[],"publishpress_future_action":{"enabled":false,"date":"2026-04-22 04:43:27","action":"change-status","newStatus":"draft","terms":[],"taxonomy":"","extraData":[]},"publishpress_future_workflow_manual_trigger":{"enabledWorkflows":[]},"_links":{"self":[{"href":"https:\/\/stjuliendevouvantes.fr\/index.php\/wp-json\/wp\/v2\/pages\/1957","targetHints":{"allow":["GET"]}}],"collection":[{"href":"https:\/\/stjuliendevouvantes.fr\/index.php\/wp-json\/wp\/v2\/pages"}],"about":[{"href":"https:\/\/stjuliendevouvantes.fr\/index.php\/wp-json\/wp\/v2\/types\/page"}],"author":[{"embeddable":true,"href":"https:\/\/stjuliendevouvantes.fr\/index.php\/wp-json\/wp\/v2\/users\/1"}],"replies":[{"embeddable":true,"href":"https:\/\/stjuliendevouvantes.fr\/index.php\/wp-json\/wp\/v2\/comments?post=1957"}],"version-history":[{"count":1,"href":"https:\/\/stjuliendevouvantes.fr\/index.php\/wp-json\/wp\/v2\/pages\/1957\/revisions"}],"predecessor-version":[{"id":3605,"href":"https:\/\/stjuliendevouvantes.fr\/index.php\/wp-json\/wp\/v2\/pages\/1957\/revisions\/3605"}],"wp:attachment":[{"href":"https:\/\/stjuliendevouvantes.fr\/index.php\/wp-json\/wp\/v2\/media?parent=1957"}],"curies":[{"name":"wp","href":"https:\/\/api.w.org\/{rel}","templated":true}]}}