{"id":6820,"date":"2026-04-13T16:18:56","date_gmt":"2026-04-13T14:18:56","guid":{"rendered":"https:\/\/stjuliendevouvantes.fr\/?page_id=6820"},"modified":"2026-04-13T16:18:58","modified_gmt":"2026-04-13T14:18:58","slug":"illiwap","status":"publish","type":"page","link":"https:\/\/stjuliendevouvantes.fr\/index.php\/illiwap\/","title":{"rendered":"illiwap"},"content":{"rendered":"\n<p class=\"has-medium-font-size\">Pour mieux vous avertir et vous informer, la commune a choisi l\u2019application \u201cILLIWAP\u201d. Elle permet de vous transmettre rapidement des informations pratiques et urgentes (ex : signalement, travaux, fermeture des services communaux, \u00e9v\u00e8nements&#8230;..).<\/p>\n\n\n\n<p class=\"has-medium-font-size\">Vous pouvez la t\u00e9l\u00e9charger via ce QR CODE :<\/p>\n\n\n\n<div class=\"wp-block-columns is-layout-flex wp-container-core-columns-is-layout-1 wp-block-columns-is-layout-flex\">\n<div class=\"wp-block-column is-layout-flow wp-block-column-is-layout-flow\">\n<figure class=\"wp-block-image size-medium\"><img fetchpriority=\"high\" decoding=\"async\" width=\"300\" height=\"298\" src=\"https:\/\/stjuliendevouvantes.fr\/wp-content\/uploads\/2024\/11\/QR-Code-illiwap-300x298.png\" alt=\"\" class=\"wp-image-5690\" srcset=\"https:\/\/stjuliendevouvantes.fr\/wp-content\/uploads\/2024\/11\/QR-Code-illiwap-300x298.png 300w, https:\/\/stjuliendevouvantes.fr\/wp-content\/uploads\/2024\/11\/QR-Code-illiwap-150x150.png 150w, https:\/\/stjuliendevouvantes.fr\/wp-content\/uploads\/2024\/11\/QR-Code-illiwap.png 415w\" sizes=\"(max-width: 300px) 100vw, 300px\" \/><\/figure>\n<\/div>\n\n\n\n<div class=\"wp-block-column is-layout-flow wp-block-column-is-layout-flow\">\n<figure class=\"wp-block-image size-large\"><img decoding=\"async\" width=\"724\" height=\"1024\" src=\"https:\/\/stjuliendevouvantes.fr\/wp-content\/uploads\/2022\/09\/Affiche-Illiwap-724x1024.jpg\" alt=\"\" class=\"wp-image-4671\" srcset=\"https:\/\/stjuliendevouvantes.fr\/wp-content\/uploads\/2022\/09\/Affiche-Illiwap-724x1024.jpg 724w, https:\/\/stjuliendevouvantes.fr\/wp-content\/uploads\/2022\/09\/Affiche-Illiwap-212x300.jpg 212w, https:\/\/stjuliendevouvantes.fr\/wp-content\/uploads\/2022\/09\/Affiche-Illiwap-768x1086.jpg 768w, https:\/\/stjuliendevouvantes.fr\/wp-content\/uploads\/2022\/09\/Affiche-Illiwap-1086x1536.jpg 1086w, https:\/\/stjuliendevouvantes.fr\/wp-content\/uploads\/2022\/09\/Affiche-Illiwap-1448x2048.jpg 1448w, https:\/\/stjuliendevouvantes.fr\/wp-content\/uploads\/2022\/09\/Affiche-Illiwap-389x550.jpg 389w, https:\/\/stjuliendevouvantes.fr\/wp-content\/uploads\/2022\/09\/Affiche-Illiwap-354x500.jpg 354w, https:\/\/stjuliendevouvantes.fr\/wp-content\/uploads\/2022\/09\/Affiche-Illiwap-scaled.jpg 1810w\" sizes=\"(max-width: 724px) 100vw, 724px\" \/><\/figure>\n<\/div>\n<\/div>\n","protected":false},"excerpt":{"rendered":"<p>Pour mieux vous avertir et vous informer, la commune a choisi l\u2019application \u201cILLIWAP\u201d. Elle permet de vous transmettre rapidement des informations pratiques et urgentes (ex : signalement, travaux, fermeture des services communaux, \u00e9v\u00e8nements&#8230;..). Vous pouvez la t\u00e9l\u00e9charger via ce QR CODE :<span class=\"more-link\"><a href=\"https:\/\/stjuliendevouvantes.fr\/index.php\/illiwap\/\">lire la suite &#8230;<\/a><\/span><\/p>\n","protected":false},"author":3,"featured_media":0,"parent":0,"menu_order":0,"comment_status":"closed","ping_status":"closed","template":"","meta":{"om_disable_all_campaigns":false,"_monsterinsights_skip_tracking":false,"_monsterinsights_sitenote_active":false,"_monsterinsights_sitenote_note":"","_monsterinsights_sitenote_category":0,"footnotes":""},"class_list":["entry","author-admin5402","post-6820","page","type-page","status-publish"],"aioseo_notices":[],"publishpress_future_action":{"enabled":false,"date":"2026-04-22 11:03:59","action":"change-status","newStatus":"draft","terms":[],"taxonomy":"","extraData":[]},"publishpress_future_workflow_manual_trigger":{"enabledWorkflows":[]},"_links":{"self":[{"href":"https:\/\/stjuliendevouvantes.fr\/index.php\/wp-json\/wp\/v2\/pages\/6820","targetHints":{"allow":["GET"]}}],"collection":[{"href":"https:\/\/stjuliendevouvantes.fr\/index.php\/wp-json\/wp\/v2\/pages"}],"about":[{"href":"https:\/\/stjuliendevouvantes.fr\/index.php\/wp-json\/wp\/v2\/types\/page"}],"author":[{"embeddable":true,"href":"https:\/\/stjuliendevouvantes.fr\/index.php\/wp-json\/wp\/v2\/users\/3"}],"replies":[{"embeddable":true,"href":"https:\/\/stjuliendevouvantes.fr\/index.php\/wp-json\/wp\/v2\/comments?post=6820"}],"version-history":[{"count":3,"href":"https:\/\/stjuliendevouvantes.fr\/index.php\/wp-json\/wp\/v2\/pages\/6820\/revisions"}],"predecessor-version":[{"id":6823,"href":"https:\/\/stjuliendevouvantes.fr\/index.php\/wp-json\/wp\/v2\/pages\/6820\/revisions\/6823"}],"wp:attachment":[{"href":"https:\/\/stjuliendevouvantes.fr\/index.php\/wp-json\/wp\/v2\/media?parent=6820"}],"curies":[{"name":"wp","href":"https:\/\/api.w.org\/{rel}","templated":true}]}}